{"id":12888,"date":"2019-03-05T13:47:56","date_gmt":"2019-03-05T12:47:56","guid":{"rendered":"http:\/\/www.appartamentilorella.it\/wohnungen\/carrubo\/"},"modified":"2019-04-10T12:57:14","modified_gmt":"2019-04-10T10:57:14","slug":"carrubo","status":"publish","type":"page","link":"https:\/\/www.appartamentilorella.it\/de\/wohnungen\/carrubo\/","title":{"rendered":"Carrubo"},"content":{"rendered":"<div class=\"wpb-content-wrapper\"><p>[vc_row css=&#8220;.vc_custom_1551775754252{padding-top: 50px !important;padding-bottom: 0px !important;}&#8220;][vc_column width=&#8220;1\/2&#8243;]<div id=\"ultimate-heading-610569f43fba16959\" class=\"uvc-heading ult-adjust-bottom-margin ultimate-heading-610569f43fba16959 uvc-2405 \" data-hspacer=\"no_spacer\"  data-halign=\"right\" style=\"text-align:right\"><div class=\"uvc-heading-spacer no_spacer\" style=\"top\"><\/div><div class=\"uvc-main-heading ult-responsive\"  data-ultimate-target='.uvc-heading.ultimate-heading-610569f43fba16959 h2'  data-responsive-json-new='{\"font-size\":\"\",\"line-height\":\"\"}' ><h2 style=\"font-weight:normal;margin-top:30px;\">Die Wohnungen<\/h2><\/div><\/div>[\/vc_column][vc_column width=&#8220;1\/2&#8243;][vc_single_image image=&#8220;11962&#8243; img_size=&#8220;full&#8220;][\/vc_column][\/vc_row][vc_row full_width=&#8220;stretch_row_content_no_spaces&#8220; css=&#8220;.vc_custom_1551785876982{margin-top: 0px !important;margin-bottom: 0px !important;border-top-width: 0px !important;border-bottom-width: 0px !important;padding-top: 0px !important;padding-bottom: 0px !important;background-color: #f7f7f7 !important;}&#8220;][vc_column width=&#8220;1\/2&#8243; css=&#8220;.vc_custom_1551784237534{padding-top: 5% !important;padding-right: 5% !important;padding-bottom: 5% !important;padding-left: 5% !important;}&#8220;]<div id=\"ultimate-heading-591069f43fba16ac3\" class=\"uvc-heading ult-adjust-bottom-margin ultimate-heading-591069f43fba16ac3 uvc-2783 \" data-hspacer=\"no_spacer\"  data-halign=\"center\" style=\"text-align:center\"><div class=\"uvc-heading-spacer no_spacer\" style=\"top\"><\/div><div class=\"uvc-main-heading ult-responsive\"  data-ultimate-target='.uvc-heading.ultimate-heading-591069f43fba16ac3 h3'  data-responsive-json-new='{\"font-size\":\"\",\"line-height\":\"\"}' ><h3 style=\"font-weight:normal;\">Appartement 2 Zimmer<\/h3><\/div><\/div>[vc_column_text]Die Wohnungen liegen im Erdgeschoss und bestehen aus einem Schlafzimmer mit Doppelbett, einem Wohnraum mit zweipl\u00e4tzigem Bettsofa, Esstisch und Kochnische sowie einem Badezimmer und einem schattigen Au\u00dfenraum zum Essen. Alle Zweizimmerwohnungen sind mit Klimaanlage, Schlie\u00dffach, Satellitenfernseher und Haartrockner ausgestattet und verf\u00fcgen \u00fcber einen schattigen Parkplatz.<\/p>\n<p>Das Wechseln der Bett- und Badezimmerw\u00e4sche sowie die Endreinigung sind im Preis inbegriffen.[\/vc_column_text][\/vc_column][vc_column width=&#8220;1\/2&#8243; css=&#8220;.vc_custom_1551784423121{margin-top: 0px !important;margin-bottom: 0px !important;border-top-width: 0px !important;border-bottom-width: 0px !important;padding-top: 0px !important;padding-bottom: 0px !important;}&#8220;]<div class=\"gallery-block-wrap  \"><div class=\"wpb_row vc_row-fluid gallery-block-container\"><div class=\"gallery-contents  margin-no\"><div class=\"gallery-grid-sizer vc_col-sm-3\"><\/div><div class=\"element gallery-item vc_col-sm-6\"><div class=\"portfolio-container portfolio-gallery_style1\"><div class=\"portfolio-img\"><img decoding=\"async\" src=\"https:\/\/www.appartamentilorella.it\/wp-content\/uploads\/2019\/03\/Cucina-bilo-1-1-600x600.jpg\" alt=\"\"><\/div><div class=\"portfolio-hover\"><div class=\"gallery-icons\"><div class=\"center-wrap\"><a href=\"https:\/\/www.appartamentilorella.it\/wp-content\/uploads\/2019\/03\/Cucina-bilo-1-1-1920x1020.jpg\" class=\"port-icon-hover popup-gallery\" data-title=\"Cucina bilo\"><i class=\"pixicon-plus\"><\/i><\/a><\/div><\/div><\/div><\/div><\/div><div class=\"element gallery-item vc_col-sm-3\"><div class=\"portfolio-container portfolio-gallery_style1\"><div class=\"portfolio-img\"><img decoding=\"async\" src=\"https:\/\/www.appartamentilorella.it\/wp-content\/uploads\/2019\/03\/bagno-bilo-300x300.jpg\" alt=\"\"><\/div><div class=\"portfolio-hover\"><div class=\"gallery-icons\"><div class=\"center-wrap\"><a href=\"https:\/\/www.appartamentilorella.it\/wp-content\/uploads\/2019\/03\/bagno-bilo.jpg\" class=\"port-icon-hover popup-gallery\" data-title=\"bagno bilo\"><i class=\"pixicon-plus\"><\/i><\/a><\/div><\/div><\/div><\/div><\/div><div class=\"element gallery-item vc_col-sm-3\"><div class=\"portfolio-container portfolio-gallery_style1\"><div class=\"portfolio-img\"><img decoding=\"async\" src=\"https:\/\/www.appartamentilorella.it\/wp-content\/uploads\/2019\/03\/Camera-da-letto-bilo-2-1-300x300.jpg\" alt=\"\"><\/div><div class=\"portfolio-hover\"><div class=\"gallery-icons\"><div class=\"center-wrap\"><a href=\"https:\/\/www.appartamentilorella.it\/wp-content\/uploads\/2019\/03\/Camera-da-letto-bilo-2-1.jpg\" class=\"port-icon-hover popup-gallery\" data-title=\"Camera da letto bilo 2\"><i class=\"pixicon-plus\"><\/i><\/a><\/div><\/div><\/div><\/div><\/div><div class=\"element gallery-item vc_col-sm-3\"><div class=\"portfolio-container portfolio-gallery_style1\"><div class=\"portfolio-img\"><img decoding=\"async\" src=\"https:\/\/www.appartamentilorella.it\/wp-content\/uploads\/2019\/03\/Camera-da-letto-bilo-1-300x300.jpg\" alt=\"\"><\/div><div class=\"portfolio-hover\"><div class=\"gallery-icons\"><div class=\"center-wrap\"><a href=\"https:\/\/www.appartamentilorella.it\/wp-content\/uploads\/2019\/03\/Camera-da-letto-bilo-1.jpg\" class=\"port-icon-hover popup-gallery\" data-title=\"Camera da letto bilo\"><i class=\"pixicon-plus\"><\/i><\/a><\/div><\/div><\/div><\/div><\/div><div class=\"element gallery-item vc_col-sm-3\"><div class=\"portfolio-container portfolio-gallery_style1\"><div class=\"portfolio-img\"><img decoding=\"async\" src=\"https:\/\/www.appartamentilorella.it\/wp-content\/uploads\/2019\/03\/soggiorno-carrubo-3-300x300.jpg\" alt=\"\"><\/div><div class=\"portfolio-hover\"><div class=\"gallery-icons\"><div class=\"center-wrap\"><a href=\"https:\/\/www.appartamentilorella.it\/wp-content\/uploads\/2019\/03\/soggiorno-carrubo-3.jpg\" class=\"port-icon-hover popup-gallery\" data-title=\"soggiorno carrubo 3\"><i class=\"pixicon-plus\"><\/i><\/a><\/div><\/div><\/div><\/div><\/div><\/div><\/div><\/div>[\/vc_column][\/vc_row][vc_row css=&#8220;.vc_custom_1551786152116{padding-top: 70px !important;padding-bottom: 50px !important;}&#8220;][vc_column]<div id=\"ultimate-heading-502469f43fba1a8ae\" class=\"uvc-heading ult-adjust-bottom-margin ultimate-heading-502469f43fba1a8ae uvc-7031 \" data-hspacer=\"no_spacer\"  data-halign=\"center\" style=\"text-align:center\"><div class=\"uvc-heading-spacer no_spacer\" style=\"top\"><\/div><div class=\"uvc-main-heading ult-responsive\"  data-ultimate-target='.uvc-heading.ultimate-heading-502469f43fba1a8ae h3'  data-responsive-json-new='{\"font-size\":\"\",\"line-height\":\"\"}' ><h3 style=\"font-weight:normal;margin-bottom:30px;\">Au\u00dfenansicht<\/h3><\/div><\/div>[vc_gallery type=&#8220;flexslider_slide&#8220; interval=&#8220;3&#8243; images=&#8220;12119,12120,12121,12122,12123&#8243; img_size=&#8220;large&#8220;][\/vc_column][\/vc_row]<\/p>\n<\/div>","protected":false},"excerpt":{"rendered":"<p>[vc_row css=&#8220;.vc_custom_1551775754252{padding-top: 50px !important;padding-bottom: 0px !important;}&#8220;][vc_column width=&#8220;1\/2&#8243;][\/vc_column][vc_column width=&#8220;1\/2&#8243;][vc_single_image image=&#8220;11962&#8243; img_size=&#8220;full&#8220;][\/vc_column][\/vc_row][vc_row full_width=&#8220;stretch_row_content_no_spaces&#8220; css=&#8220;.vc_custom_1551785876982{margin-top: 0px !important;margin-bottom: 0px !important;border-top-width: 0px !important;border-bottom-width: 0px !important;padding-top: 0px !important;padding-bottom: 0px !important;background-color: #f7f7f7 !important;}&#8220;][vc_column width=&#8220;1\/2&#8243; css=&#8220;.vc_custom_1551784237534{padding-top: 5% !important;padding-right: 5% !important;padding-bottom: 5% !important;padding-left: 5% !important;}&#8220;][vc_column_text]Die Wohnungen liegen im Erdgeschoss&#8230;<\/p>\n","protected":false},"author":1,"featured_media":0,"parent":12882,"menu_order":0,"comment_status":"closed","ping_status":"closed","template":"","meta":{"footnotes":""},"class_list":["post-12888","page","type-page","status-publish","hentry"],"_links":{"self":[{"href":"https:\/\/www.appartamentilorella.it\/de\/wp-json\/wp\/v2\/pages\/12888","targetHints":{"allow":["GET"]}}],"collection":[{"href":"https:\/\/www.appartamentilorella.it\/de\/wp-json\/wp\/v2\/pages"}],"about":[{"href":"https:\/\/www.appartamentilorella.it\/de\/wp-json\/wp\/v2\/types\/page"}],"author":[{"embeddable":true,"href":"https:\/\/www.appartamentilorella.it\/de\/wp-json\/wp\/v2\/users\/1"}],"replies":[{"embeddable":true,"href":"https:\/\/www.appartamentilorella.it\/de\/wp-json\/wp\/v2\/comments?post=12888"}],"version-history":[{"count":3,"href":"https:\/\/www.appartamentilorella.it\/de\/wp-json\/wp\/v2\/pages\/12888\/revisions"}],"predecessor-version":[{"id":12892,"href":"https:\/\/www.appartamentilorella.it\/de\/wp-json\/wp\/v2\/pages\/12888\/revisions\/12892"}],"up":[{"embeddable":true,"href":"https:\/\/www.appartamentilorella.it\/de\/wp-json\/wp\/v2\/pages\/12882"}],"wp:attachment":[{"href":"https:\/\/www.appartamentilorella.it\/de\/wp-json\/wp\/v2\/media?parent=12888"}],"curies":[{"name":"wp","href":"https:\/\/api.w.org\/{rel}","templated":true}]}}

<div class="wpb-content-wrapper"><p>[vc_row css=&#8220;.vc_custom_1551775754252{padding-top: 50px !important;padding-bottom: 0px !important;}&#8220;][vc_column width=&#8220;1/2&#8243;]<div id="ultimate-heading-610569f43fba16959" class="uvc-heading ult-adjust-bottom-margin ultimate-heading-610569f43fba16959 uvc-2405 " data-hspacer="no_spacer"  data-halign="right" style="text-align:right"><div class="uvc-heading-spacer no_spacer" style="top"></div><div class="uvc-main-heading ult-responsive"  data-ultimate-target='.uvc-heading.ultimate-heading-610569f43fba16959 h2'  data-responsive-json-new='{"font-size":"","line-height":""}' ><h2 style="font-weight:normal;margin-top:30px;">Die Wohnungen</h2></div></div>[/vc_column][vc_column width=&#8220;1/2&#8243;][vc_single_image image=&#8220;11962&#8243; img_size=&#8220;full&#8220;][/vc_column][/vc_row][vc_row full_width=&#8220;stretch_row_content_no_spaces&#8220; css=&#8220;.vc_custom_1551785876982{margin-top: 0px !important;margin-bottom: 0px !important;border-top-width: 0px !important;border-bottom-width: 0px !important;padding-top: 0px !important;padding-bottom: 0px !important;background-color: #f7f7f7 !important;}&#8220;][vc_column width=&#8220;1/2&#8243; css=&#8220;.vc_custom_1551784237534{padding-top: 5% !important;padding-right: 5% !important;padding-bottom: 5% !important;padding-left: 5% !important;}&#8220;]<div id="ultimate-heading-591069f43fba16ac3" class="uvc-heading ult-adjust-bottom-margin ultimate-heading-591069f43fba16ac3 uvc-2783 " data-hspacer="no_spacer"  data-halign="center" style="text-align:center"><div class="uvc-heading-spacer no_spacer" style="top"></div><div class="uvc-main-heading ult-responsive"  data-ultimate-target='.uvc-heading.ultimate-heading-591069f43fba16ac3 h3'  data-responsive-json-new='{"font-size":"","line-height":""}' ><h3 style="font-weight:normal;">Appartement 2 Zimmer</h3></div></div>[vc_column_text]Die Wohnungen liegen im Erdgeschoss und bestehen aus einem Schlafzimmer mit Doppelbett, einem Wohnraum mit zweiplätzigem Bettsofa, Esstisch und Kochnische sowie einem Badezimmer und einem schattigen Außenraum zum Essen. Alle Zweizimmerwohnungen sind mit Klimaanlage, Schließfach, Satellitenfernseher und Haartrockner ausgestattet und verfügen über einen schattigen Parkplatz.</p>
<p>Das Wechseln der Bett- und Badezimmerwäsche sowie die Endreinigung sind im Preis inbegriffen.[/vc_column_text][/vc_column][vc_column width=&#8220;1/2&#8243; css=&#8220;.vc_custom_1551784423121{margin-top: 0px !important;margin-bottom: 0px !important;border-top-width: 0px !important;border-bottom-width: 0px !important;padding-top: 0px !important;padding-bottom: 0px !important;}&#8220;]<div class="gallery-block-wrap  "><div class="wpb_row vc_row-fluid gallery-block-container"><div class="gallery-contents  margin-no"><div class="gallery-grid-sizer vc_col-sm-3"></div><div class="element gallery-item vc_col-sm-6"><div class="portfolio-container portfolio-gallery_style1"><div class="portfolio-img"><img decoding="async" src="https://www.appartamentilorella.it/wp-content/uploads/2019/03/Cucina-bilo-1-1-600x600.jpg" alt=""></div><div class="portfolio-hover"><div class="gallery-icons"><div class="center-wrap"><a href="https://www.appartamentilorella.it/wp-content/uploads/2019/03/Cucina-bilo-1-1-1920x1020.jpg" class="port-icon-hover popup-gallery" data-title="Cucina bilo"><i class="pixicon-plus"></i></a></div></div></div></div></div><div class="element gallery-item vc_col-sm-3"><div class="portfolio-container portfolio-gallery_style1"><div class="portfolio-img"><img decoding="async" src="https://www.appartamentilorella.it/wp-content/uploads/2019/03/bagno-bilo-300x300.jpg" alt=""></div><div class="portfolio-hover"><div class="gallery-icons"><div class="center-wrap"><a href="https://www.appartamentilorella.it/wp-content/uploads/2019/03/bagno-bilo.jpg" class="port-icon-hover popup-gallery" data-title="bagno bilo"><i class="pixicon-plus"></i></a></div></div></div></div></div><div class="element gallery-item vc_col-sm-3"><div class="portfolio-container portfolio-gallery_style1"><div class="portfolio-img"><img decoding="async" src="https://www.appartamentilorella.it/wp-content/uploads/2019/03/Camera-da-letto-bilo-2-1-300x300.jpg" alt=""></div><div class="portfolio-hover"><div class="gallery-icons"><div class="center-wrap"><a href="https://www.appartamentilorella.it/wp-content/uploads/2019/03/Camera-da-letto-bilo-2-1.jpg" class="port-icon-hover popup-gallery" data-title="Camera da letto bilo 2"><i class="pixicon-plus"></i></a></div></div></div></div></div><div class="element gallery-item vc_col-sm-3"><div class="portfolio-container portfolio-gallery_style1"><div class="portfolio-img"><img decoding="async" src="https://www.appartamentilorella.it/wp-content/uploads/2019/03/Camera-da-letto-bilo-1-300x300.jpg" alt=""></div><div class="portfolio-hover"><div class="gallery-icons"><div class="center-wrap"><a href="https://www.appartamentilorella.it/wp-content/uploads/2019/03/Camera-da-letto-bilo-1.jpg" class="port-icon-hover popup-gallery" data-title="Camera da letto bilo"><i class="pixicon-plus"></i></a></div></div></div></div></div><div class="element gallery-item vc_col-sm-3"><div class="portfolio-container portfolio-gallery_style1"><div class="portfolio-img"><img decoding="async" src="https://www.appartamentilorella.it/wp-content/uploads/2019/03/soggiorno-carrubo-3-300x300.jpg" alt=""></div><div class="portfolio-hover"><div class="gallery-icons"><div class="center-wrap"><a href="https://www.appartamentilorella.it/wp-content/uploads/2019/03/soggiorno-carrubo-3.jpg" class="port-icon-hover popup-gallery" data-title="soggiorno carrubo 3"><i class="pixicon-plus"></i></a></div></div></div></div></div></div></div></div>[/vc_column][/vc_row][vc_row css=&#8220;.vc_custom_1551786152116{padding-top: 70px !important;padding-bottom: 50px !important;}&#8220;][vc_column]<div id="ultimate-heading-502469f43fba1a8ae" class="uvc-heading ult-adjust-bottom-margin ultimate-heading-502469f43fba1a8ae uvc-7031 " data-hspacer="no_spacer"  data-halign="center" style="text-align:center"><div class="uvc-heading-spacer no_spacer" style="top"></div><div class="uvc-main-heading ult-responsive"  data-ultimate-target='.uvc-heading.ultimate-heading-502469f43fba1a8ae h3'  data-responsive-json-new='{"font-size":"","line-height":""}' ><h3 style="font-weight:normal;margin-bottom:30px;">Außenansicht</h3></div></div>[vc_gallery type=&#8220;flexslider_slide&#8220; interval=&#8220;3&#8243; images=&#8220;12119,12120,12121,12122,12123&#8243; img_size=&#8220;large&#8220;][/vc_column][/vc_row]</p>
</div>
